be p(-12). Let b(v) = v**2 - 5*v + 13. What are the prime factors of b(r)?
3
Let o be 0*(5 - 6)/(-1 - -2). Suppose -w = -o*w + 2*u - 112, 4*w + u - 434 = 0. List the prime factors of w.
2, 3
Let n(p) = -320*p**2 + 4*p - 6. Let q(m) = 321*m**2 - 4*m + 6. Let c(y) = 3*n(y) + 4*q(y). What are the prime factors of c(2)?
2, 647
Let o = -2102 - -3004. Suppose -17*a + 5016 = o. List the prime factors of a.
2, 11
Let r(v) = 12*v**2 + 177*v + 500. What are the prime factors of r(-40)?
2, 5, 631
Suppose 14 = 63*p - 56*p. Let a = -40 + 139. Suppose r = g - a, -p*r + 222 = 2*g + 2*r. What are the prime factors of g?
103
Let g(t) = 2320*t - 5959. List the prime factors of g(8).
12601
Let c(l) = -100*l + 643. List the prime factors of c(-34).
13, 311
Let z(l) = -11*l - 16. Let j be z(-2). Suppose c + j*c = 14. Suppose -b + c = 0, -3*b + 204 = -o + 4*o. List the prime factors of o.
2, 3, 11
Suppose -105*j = -59*j - 180642. List the prime factors of j.
3, 7, 11, 17
Let x = -58 + 103. Suppose 5*d = -5*h + x, -2*h - 3*d = -17 - 5. Suppose 25 = -h*s, 2*s + 58 - 324 = -3*z. What are the prime factors of z?
2, 23
Suppose -32*y - 126*y - 227*y + 17053190 = 0. What are the prime factors of y?
2, 22147
Suppose 0 = 55*r - 45*r + 1400. Let f(k) = k**3 + 7*k**2 + 4*k + 10. Let b be f(-8). Let o = b - r. List the prime factors of o.
2, 3
Let a(s) = 589*s + 3677. List the prime factors of a(22).
3, 5, 1109
Suppose 5*s + 10 = -5*f, f + s + 8 = 2*f. Suppose 14 = 5*a - g, -5 = 5*a + f*g - 3. Suppose p - 237 = -a*p. List the prime factors of p.
79
Let d = -87 - -139. Suppose 2 = 3*u - d. Suppose 4*z - u = z. List the prime factors of z.
2, 3
Suppose -y + 336 = -2*x, y - 5*y + 4*x + 1352 = 0. Suppose y = -7*o + 2*o. Let h = o + 121. List the prime factors of h.
53
Let x be 3/(45/(-48))*-20. Suppose 6*w - x = -16. Suppose 3*c = w*c - 80. List the prime factors of c.
2
Suppose 11*s = -2*s + 6552. Suppose -3*i + 201 = -3*o - s, 4 = 2*i. Let q = o - -413. List the prime factors of q.
2, 3, 5
Let p(b) = -13*b**2 + 35*b + 119. Let n be p(6). Suppose -218 + 34 = 2*w - 4*t, -3*t = -12. Let o = w - n. List the prime factors of o.
5, 11
Suppose -204*n - 381951 = -213*n. Suppose 26*a = -5*a + n. List the prime factors of a.
37
Let f be 18/(-4)*(4/(-3))/1. What are the prime factors of 80/f*36/16*5?
2, 3, 5
Let x = 510 + 60. Suppose -4*s = -5*b - 1450, -4*b - 1247 = -5*s + x. List the prime factors of s.
5, 73
Let t(v) = v**3 + 4*v**2 - 7*v - 13. Let z be t(-4). Let x(h) = -h**3 + 16*h**2 + 12*h - 53. What are the prime factors of x(z)?
2, 11
Let d be (5 - 1)*(-67)/(-134). Suppose 7*b + 223 = d*t + 10*b, 5*b = 4*t - 413. What are the prime factors of t?
107
Suppose -95*o + 1181126 = -1362499. What are the prime factors of o?
3, 5, 7, 17
Let j(b) = -b**3 - 16*b**2 + 27*b - 19. Let a(x) = -2*x - 1. Let n be a(8). Let o be j(n). Let h = -110 - o. What are the prime factors of h?
79
Suppose 224*j - 218*j = 36. List the prime factors of (-2 + (-44)/j)*4914/(-52).
2, 3, 7
Suppose -4*c = 4*l - 255660, 402*c - 407*c + 319530 = -4*l. List the prime factors of c.
2, 5, 7, 11, 83
Suppose -11611 = 54*b - 57*b + 4*a, -5*b + 19400 = 3*a. List the prime factors of b.
3877
Let z be (0*4/8)/(-1). Suppose 8*d = -g + 6*d - 282, -5*g - 3*d - 1424 = z. Let u = -188 - g. List the prime factors of u.
2, 7
Suppose -5*h - 35 = 0, -90043 = -3*q + h + 22563. List the prime factors of q.
3, 12511
Let k(i) = -3*i**2 - 42*i + 10. Let o = 202 + -216. What are the prime factors of k(o)?
2, 5
Let y(k) be the first derivative of 3*k**2 + 14*k + 11*k**2 - 13 + k. List the prime factors of y(5).
5, 31
Suppose -17*i = -20*i + 51. Suppose -13 = -4*z + i*z. What are the prime factors of (-7)/(1 - 3 - z)?
7
Let j be ((-71)/2)/(10/(-140)) - 3. Let w = j - 739. List the prime factors of (w - 21)/(-1*(-4)/(-2)).
7, 19
Let l = 278 + -305. Let c(j) = -j**3 - 26*j**2 + 6*j - 63. List the prime factors of c(l).
2, 3, 7
What are the prime factors of 3/7 - (-18725300)/1015?
19, 971
Suppose -10*r - 8704 - 7538 = -u, -2*u + 32416 = -3*r. List the prime factors of u.
2, 8101
Suppose 10*k - 7857 = 4283. Suppose 8*t - k = 706. What are the prime factors of t?
2, 3, 5
Let q = 286 - 285. Let w(s) = 1250*s - 18. List the prime factors of w(q).
2, 7, 11
Let v(y) = -14*y**2 + 4*y + 20. Let i be v(6). Let u = -55 - i. What are the prime factors of u?
3, 5
Let t = -55 - -57. Suppose -5*w - 269 = -t*n, 3*n - 172 = -w + 206. What are the prime factors of n?
127
Let l(z) = -z**3 - 3*z**2 - 12*z + 12. Let x be l(7). Let t = -231 - x. What are the prime factors of t?
331
Suppose 5*j - 505 = -2*d, -2*j + 215 = d - 7*j. Suppose -m - 186 = -c, -3*c + d + 323 = 2*m. List the prime factors of c.
11, 17
Let c be (-28)/(-182) - (-1 - 230/26). Let x = 138 + c. List the prime factors of x.
2, 37
Let v(h) = 1397*h**2 - 73*h - 142. What are the prime factors of v(-2)?
2, 3, 233
Let z = 10654 - 8856. List the prime factors of z.
2, 29, 31
Suppose 3*a = 22*h - 20*h - 46097, 2*h - 46104 = 4*a. List the prime factors of h.
2, 11519
Let a = -12 - -248. Suppose 2*z = -4*t + 532, z + 4*t + a = 2*z. What are the prime factors of z?
2
Suppose 3*y + 3201 = 2*u, 36*u = 5*y + 41*u + 5310. List the prime factors of 4 + (y/12)/((-1)/8).
2, 3, 7, 17
Suppose 19*x - 14*x + 2*k = 14720, k + 2937 = x. What are the prime factors of x?
2, 1471
Suppose 1331 = u + d + 200, -2*u = -3*d - 2262. What are the prime factors of u?
3, 13, 29
Suppose -2*x + 4*d = 26, 0 = 6*x - 10*x + 5*d - 46. Let n(f) = -f**3 - 6*f**2 - 13*f + 46. List the prime factors of n(x).
2, 7, 29
Let l = 70 - 71. Let r be (-2)/4*(l - -1). Suppose r = 4*a + 3*b - 582, 2*a = b + 2*b + 282. What are the prime factors of a?
2, 3
Let w(s) = -7*s + 18 + 95 + 42 + 36 + 46*s. What are the prime factors of w(14)?
11, 67
Suppose -6*z + 153 = 153. Suppose 0 = -z*q - 11*q + 9757. What are the prime factors of q?
887
Suppose 1870*p - 1860*p - 45302 = 51298. List the prime factors of p.
2, 3, 5, 7, 23
Suppose -2*y = 2*n - 25424, 4*y - 3*n = -9661 + 60460. List the prime factors of y.
3, 5, 7, 11
Suppose -9*v + 17 = -28. Suppose -2*t = 5*f - 7*t - 2540, 2014 = 4*f + v*t. What are the prime factors of f?
2, 11, 23
Let y = 4049 - 1933. Suppose -18*f + 22*f = y. List the prime factors of f.
23
Suppose -7851 = -56*a + 15333. What are the prime factors of a?
2, 3, 23
Suppose 6*v + 119448 = -141*n + 144*n, 4*v - 39840 = -n. What are the prime factors of n?
2, 19, 131
Let v = 2 + 0. Suppose -j - 3*o - 528 = 2*j, -v*j - 349 = o. Let w = -90 - j. List the prime factors of w.
83
Let t = 29 + -25. Suppose j = -t*n + 1352, 5*n - 1766 + 59 = 3*j. What are the prime factors of n?
3, 113
Let x be 310/(-4)*(-8)/10. Suppose 18*p - x*p = -9724. List the prime factors of p.
13, 17
Suppose 20*i = 19*i - 9*i + 69370. What are the prime factors of i?
7, 991
Let f = 997 + 1116. Suppose -11*v + 3134 = -f. List the prime factors of v.
3, 53
Suppose 0 = -8*i + 3*i - 190. Let b = i - -36. What are the prime factors of (((-20)/3)/(-5))/(b/(-114))?
2, 19
Let u be (-833)/(-3)*(1 - 4). Let c = u + 1481. What are the prime factors of c?
2, 3
Suppose 2*q - 4*i = 1268, 10*q - 2*i + 6*i - 6316 = 0. What are the prime factors of q?
2, 79
What are the prime factors of -8 + ((-188973)/(-108))/((-3)/(-8))?
2, 17, 137
Let h = -193 - -198. Suppose -h*b = b - 780. List the prime factors of b.
2, 5, 13
Suppose 10558 = -79*i + 3297748. What are the prime factors of i?
2, 3, 5, 19, 73
Suppose -5*z - 26*z = 28*z - 3777947. What are the prime factors of z?
64033
Suppose 4*u = 4*q + 4, -5*q - 4*u + 5 = 28. Let a be 44/22 - q*(2 - 1). Suppose 0 = -5*t + a*z + 755, -4*t = -3*t - 5*z - 135. List the prime factors of t.
5, 31
Suppose 193*z - 196*z + 297 = 0. Let d = 1149 + z. What are the prime factors of d?
2, 3, 13
Suppose 3*n = 5*j - 22, -6*n = -5*j - n + 20. Suppose -j*x + 138 = v, 4*v + 4*x = 629 - 93. Let a = 203 - v. List the prime factors of a.
2, 5, 7
Let q(t) = t**2 + t - 1. Let c(l) = -4*l**2 - 8*l + 6. Let p(w) = c(w) + 5*q(w). Let j be p(2). What are the prime factors of (j - -1) + 1243/11?
113
Let x = -7 - -12. Suppose x*l - 53 = 4*y, -3*l + l = -3*y - 17. Suppose 2*f + 1342 = l*f. List the prime factors of f.
2, 61
Let a be ((-8)/6 + 0)/((-58)/87). Let b(z) = 294*z